{"id":628,"date":"2023-11-03T13:24:36","date_gmt":"2023-11-03T18:24:36","guid":{"rendered":"https:\/\/jgbpuertasautomaticas.com\/?post_type=product&#038;p=628"},"modified":"2023-11-03T13:24:36","modified_gmt":"2023-11-03T18:24:36","slug":"puerta-de-vidrio-con-esquineros","status":"publish","type":"product","link":"https:\/\/jgbpuertasautomaticas.com\/?product=puerta-de-vidrio-con-esquineros","title":{"rendered":"PUERTA DE VIDRIO CON ESQUINEROS"},"content":{"rendered":"<p>Suministro, fabricaci\u00f3n e instalaci\u00f3n, de puertas de acceso peatonal y vehicular, en materiales como metal, aluminio, madera y vidrio.<\/p>\n<p>Automatizaci\u00f3n de las puertas de todo tipo de apertura en acceso vehicular y peatonal con control de acceso con tarjeta lectora, control remoto, estaci\u00f3n de mando, v\u00eda bluetooth, huella, antenas y controladoras de registro de ingreso y egreso.<\/p>\n","protected":false},"excerpt":{"rendered":"<p>Suministro, fabricaci\u00f3n e instalaci\u00f3n, de puertas de acceso peatonal y vehicular, en materiales como metal, aluminio, madera y vidrio.<\/p>\n<p>Automatizaci\u00f3n de las puertas de todo tipo de apertura en acceso vehicular y peatonal con control de acceso con tarjeta lectora, control remoto, estaci\u00f3n de mando, v\u00eda bluetooth, huella, antenas y controladoras de registro de ingreso y egreso.<\/p>\n","protected":false},"featured_media":638,"comment_status":"open","ping_status":"closed","template":"","meta":{"om_disable_all_campaigns":false,"site-sidebar-layout":"default","site-content-layout":"","ast-site-content-layout":"default","site-content-style":"default","site-sidebar-style":"default","ast-global-header-display":"","ast-banner-title-visibility":"","ast-main-header-display":"","ast-hfb-above-header-display":"","ast-hfb-below-header-display":"","ast-hfb-mobile-header-display":"","site-post-title":"","ast-breadcrumbs-content":"","ast-featured-img":"","footer-sml-layout":"","theme-transparent-header-meta":"default","adv-header-id-meta":"","stick-header-meta":"","header-above-stick-meta":"","header-main-stick-meta":"","header-below-stick-meta":"","astra-migrate-meta-layouts":"set","ast-page-background-enabled":"default","ast-page-background-meta":{"desktop":{"background-color":"var(--ast-global-color-4)","background-image":"","background-repeat":"repeat","background-position":"center center","background-size":"auto","background-attachment":"scroll","background-type":"","background-media":"","overlay-type":"","overlay-color":"","overlay-gradient":""},"tablet":{"background-color":"","background-image":"","background-repeat":"repeat","background-position":"center center","background-size":"auto","background-attachment":"scroll","background-type":"","background-media":"","overlay-type":"","overlay-color":"","overlay-gradient":""},"mobile":{"background-color":"","background-image":"","background-repeat":"repeat","background-position":"center center","background-size":"auto","background-attachment":"scroll","background-type":"","background-media":"","overlay-type":"","overlay-color":"","overlay-gradient":""}},"ast-content-background-meta":{"desktop":{"background-color":"var(--ast-global-color-5)","background-image":"","background-repeat":"repeat","background-position":"center center","background-size":"auto","background-attachment":"scroll","background-type":"","background-media":"","overlay-type":"","overlay-color":"","overlay-gradient":""},"tablet":{"background-color":"var(--ast-global-color-5)","background-image":"","background-repeat":"repeat","background-position":"center center","background-size":"auto","background-attachment":"scroll","background-type":"","background-media":"","overlay-type":"","overlay-color":"","overlay-gradient":""},"mobile":{"background-color":"var(--ast-global-color-5)","background-image":"","background-repeat":"repeat","background-position":"center center","background-size":"auto","background-attachment":"scroll","background-type":"","background-media":"","overlay-type":"","overlay-color":"","overlay-gradient":""}}},"product_cat":[15],"product_tag":[],"yoast_head":"<!-- This site is optimized with the Yoast SEO plugin v21.7 - https:\/\/yoast.com\/wordpress\/plugins\/seo\/ -->\n<title>PUERTA DE VIDRIO CON ESQUINEROS - jgbpuertasautomaticas.com<\/title>\n<meta name=\"robots\" content=\"index, follow, max-snippet:-1, max-image-preview:large, max-video-preview:-1\" \/>\n<link rel=\"canonical\" href=\"https:\/\/jgbpuertasautomaticas.com\/?product=puerta-de-vidrio-con-esquineros\" \/>\n<meta property=\"og:locale\" content=\"en_US\" \/>\n<meta property=\"og:type\" content=\"article\" \/>\n<meta property=\"og:title\" content=\"PUERTA DE VIDRIO CON ESQUINEROS - jgbpuertasautomaticas.com\" \/>\n<meta property=\"og:description\" content=\"Suministro, fabricaci\u00f3n e instalaci\u00f3n, de puertas de acceso peatonal y vehicular, en materiales como metal, aluminio, madera y vidrio.  Automatizaci\u00f3n de las puertas de todo tipo de apertura en acceso vehicular y peatonal con control de acceso con tarjeta lectora, control remoto, estaci\u00f3n de mando, v\u00eda bluetooth, huella, antenas y controladoras de registro de ingreso y egreso.\" \/>\n<meta property=\"og:url\" content=\"https:\/\/jgbpuertasautomaticas.com\/?product=puerta-de-vidrio-con-esquineros\" \/>\n<meta property=\"og:site_name\" content=\"jgbpuertasautomaticas.com\" \/>\n<meta property=\"og:image\" content=\"https:\/\/jgbpuertasautomaticas.com\/wp-content\/uploads\/2023\/11\/299754701_441050288039371_2941094171282950017_n.jpg\" \/>\n\t<meta property=\"og:image:width\" content=\"944\" \/>\n\t<meta property=\"og:image:height\" content=\"960\" \/>\n\t<meta property=\"og:image:type\" content=\"image\/jpeg\" \/>\n<meta name=\"twitter:card\" content=\"summary_large_image\" \/>\n<script type=\"application\/ld+json\" class=\"yoast-schema-graph\">{\"@context\":\"https:\/\/schema.org\",\"@graph\":[{\"@type\":\"WebPage\",\"@id\":\"https:\/\/jgbpuertasautomaticas.com\/?product=puerta-de-vidrio-con-esquineros\",\"url\":\"https:\/\/jgbpuertasautomaticas.com\/?product=puerta-de-vidrio-con-esquineros\",\"name\":\"PUERTA DE VIDRIO CON ESQUINEROS - jgbpuertasautomaticas.com\",\"isPartOf\":{\"@id\":\"https:\/\/jgbpuertasautomaticas.com\/#website\"},\"datePublished\":\"2023-11-03T18:24:36+00:00\",\"dateModified\":\"2023-11-03T18:24:36+00:00\",\"breadcrumb\":{\"@id\":\"https:\/\/jgbpuertasautomaticas.com\/?product=puerta-de-vidrio-con-esquineros#breadcrumb\"},\"inLanguage\":\"en-US\",\"potentialAction\":[{\"@type\":\"ReadAction\",\"target\":[\"https:\/\/jgbpuertasautomaticas.com\/?product=puerta-de-vidrio-con-esquineros\"]}]},{\"@type\":\"BreadcrumbList\",\"@id\":\"https:\/\/jgbpuertasautomaticas.com\/?product=puerta-de-vidrio-con-esquineros#breadcrumb\",\"itemListElement\":[{\"@type\":\"ListItem\",\"position\":1,\"name\":\"Inicio\",\"item\":\"https:\/\/jgbpuertasautomaticas.com\/\"},{\"@type\":\"ListItem\",\"position\":2,\"name\":\"tienda JGB\",\"item\":\"https:\/\/jgbpuertasautomaticas.com\/?page_id=9\"},{\"@type\":\"ListItem\",\"position\":3,\"name\":\"PUERTA DE VIDRIO CON ESQUINEROS\"}]},{\"@type\":\"WebSite\",\"@id\":\"https:\/\/jgbpuertasautomaticas.com\/#website\",\"url\":\"https:\/\/jgbpuertasautomaticas.com\/\",\"name\":\"jgbpuertasautomaticas.com\",\"description\":\"\",\"publisher\":{\"@id\":\"https:\/\/jgbpuertasautomaticas.com\/#organization\"},\"potentialAction\":[{\"@type\":\"SearchAction\",\"target\":{\"@type\":\"EntryPoint\",\"urlTemplate\":\"https:\/\/jgbpuertasautomaticas.com\/?s={search_term_string}\"},\"query-input\":\"required name=search_term_string\"}],\"inLanguage\":\"en-US\"},{\"@type\":\"Organization\",\"@id\":\"https:\/\/jgbpuertasautomaticas.com\/#organization\",\"name\":\"jgbpuertasautomaticas.com\",\"url\":\"https:\/\/jgbpuertasautomaticas.com\/\",\"logo\":{\"@type\":\"ImageObject\",\"inLanguage\":\"en-US\",\"@id\":\"https:\/\/jgbpuertasautomaticas.com\/#\/schema\/logo\/image\/\",\"url\":\"https:\/\/jgbpuertasautomaticas.com\/wp-content\/uploads\/2023\/08\/cropped-logo2.png\",\"contentUrl\":\"https:\/\/jgbpuertasautomaticas.com\/wp-content\/uploads\/2023\/08\/cropped-logo2.png\",\"width\":1080,\"height\":326,\"caption\":\"jgbpuertasautomaticas.com\"},\"image\":{\"@id\":\"https:\/\/jgbpuertasautomaticas.com\/#\/schema\/logo\/image\/\"}}]}<\/script>\n<!-- \/ Yoast SEO plugin. -->","yoast_head_json":{"title":"PUERTA DE VIDRIO CON ESQUINEROS - jgbpuertasautomaticas.com","robots":{"index":"index","follow":"follow","max-snippet":"max-snippet:-1","max-image-preview":"max-image-preview:large","max-video-preview":"max-video-preview:-1"},"canonical":"https:\/\/jgbpuertasautomaticas.com\/?product=puerta-de-vidrio-con-esquineros","og_locale":"en_US","og_type":"article","og_title":"PUERTA DE VIDRIO CON ESQUINEROS - jgbpuertasautomaticas.com","og_description":"Suministro, fabricaci\u00f3n e instalaci\u00f3n, de puertas de acceso peatonal y vehicular, en materiales como metal, aluminio, madera y vidrio.  Automatizaci\u00f3n de las puertas de todo tipo de apertura en acceso vehicular y peatonal con control de acceso con tarjeta lectora, control remoto, estaci\u00f3n de mando, v\u00eda bluetooth, huella, antenas y controladoras de registro de ingreso y egreso.","og_url":"https:\/\/jgbpuertasautomaticas.com\/?product=puerta-de-vidrio-con-esquineros","og_site_name":"jgbpuertasautomaticas.com","og_image":[{"width":944,"height":960,"url":"https:\/\/jgbpuertasautomaticas.com\/wp-content\/uploads\/2023\/11\/299754701_441050288039371_2941094171282950017_n.jpg","type":"image\/jpeg"}],"twitter_card":"summary_large_image","schema":{"@context":"https:\/\/schema.org","@graph":[{"@type":"WebPage","@id":"https:\/\/jgbpuertasautomaticas.com\/?product=puerta-de-vidrio-con-esquineros","url":"https:\/\/jgbpuertasautomaticas.com\/?product=puerta-de-vidrio-con-esquineros","name":"PUERTA DE VIDRIO CON ESQUINEROS - jgbpuertasautomaticas.com","isPartOf":{"@id":"https:\/\/jgbpuertasautomaticas.com\/#website"},"datePublished":"2023-11-03T18:24:36+00:00","dateModified":"2023-11-03T18:24:36+00:00","breadcrumb":{"@id":"https:\/\/jgbpuertasautomaticas.com\/?product=puerta-de-vidrio-con-esquineros#breadcrumb"},"inLanguage":"en-US","potentialAction":[{"@type":"ReadAction","target":["https:\/\/jgbpuertasautomaticas.com\/?product=puerta-de-vidrio-con-esquineros"]}]},{"@type":"BreadcrumbList","@id":"https:\/\/jgbpuertasautomaticas.com\/?product=puerta-de-vidrio-con-esquineros#breadcrumb","itemListElement":[{"@type":"ListItem","position":1,"name":"Inicio","item":"https:\/\/jgbpuertasautomaticas.com\/"},{"@type":"ListItem","position":2,"name":"tienda JGB","item":"https:\/\/jgbpuertasautomaticas.com\/?page_id=9"},{"@type":"ListItem","position":3,"name":"PUERTA DE VIDRIO CON ESQUINEROS"}]},{"@type":"WebSite","@id":"https:\/\/jgbpuertasautomaticas.com\/#website","url":"https:\/\/jgbpuertasautomaticas.com\/","name":"jgbpuertasautomaticas.com","description":"","publisher":{"@id":"https:\/\/jgbpuertasautomaticas.com\/#organization"},"potentialAction":[{"@type":"SearchAction","target":{"@type":"EntryPoint","urlTemplate":"https:\/\/jgbpuertasautomaticas.com\/?s={search_term_string}"},"query-input":"required name=search_term_string"}],"inLanguage":"en-US"},{"@type":"Organization","@id":"https:\/\/jgbpuertasautomaticas.com\/#organization","name":"jgbpuertasautomaticas.com","url":"https:\/\/jgbpuertasautomaticas.com\/","logo":{"@type":"ImageObject","inLanguage":"en-US","@id":"https:\/\/jgbpuertasautomaticas.com\/#\/schema\/logo\/image\/","url":"https:\/\/jgbpuertasautomaticas.com\/wp-content\/uploads\/2023\/08\/cropped-logo2.png","contentUrl":"https:\/\/jgbpuertasautomaticas.com\/wp-content\/uploads\/2023\/08\/cropped-logo2.png","width":1080,"height":326,"caption":"jgbpuertasautomaticas.com"},"image":{"@id":"https:\/\/jgbpuertasautomaticas.com\/#\/schema\/logo\/image\/"}}]}},"_links":{"self":[{"href":"https:\/\/jgbpuertasautomaticas.com\/index.php?rest_route=\/wp\/v2\/product\/628"}],"collection":[{"href":"https:\/\/jgbpuertasautomaticas.com\/index.php?rest_route=\/wp\/v2\/product"}],"about":[{"href":"https:\/\/jgbpuertasautomaticas.com\/index.php?rest_route=\/wp\/v2\/types\/product"}],"replies":[{"embeddable":true,"href":"https:\/\/jgbpuertasautomaticas.com\/index.php?rest_route=%2Fwp%2Fv2%2Fcomments&post=628"}],"wp:featuredmedia":[{"embeddable":true,"href":"https:\/\/jgbpuertasautomaticas.com\/index.php?rest_route=\/wp\/v2\/media\/638"}],"wp:attachment":[{"href":"https:\/\/jgbpuertasautomaticas.com\/index.php?rest_route=%2Fwp%2Fv2%2Fmedia&parent=628"}],"wp:term":[{"taxonomy":"product_cat","embeddable":true,"href":"https:\/\/jgbpuertasautomaticas.com\/index.php?rest_route=%2Fwp%2Fv2%2Fproduct_cat&post=628"},{"taxonomy":"product_tag","embeddable":true,"href":"https:\/\/jgbpuertasautomaticas.com\/index.php?rest_route=%2Fwp%2Fv2%2Fproduct_tag&post=628"}],"curies":[{"name":"wp","href":"https:\/\/api.w.org\/{rel}","templated":true}]}}